{"id":1426,"date":"2026-02-09T00:35:01","date_gmt":"2026-02-09T00:35:01","guid":{"rendered":"https:\/\/fundacionahava.org\/oncolife\/?page_id=1426"},"modified":"2026-02-11T09:12:09","modified_gmt":"2026-02-11T09:12:09","slug":"unidad-de-la-mujer","status":"publish","type":"page","link":"https:\/\/fundacionahava.org\/oncolife\/unidad-de-la-mujer\/","title":{"rendered":"Unidad de la Mujer"},"content":{"rendered":"\n<p><\/p>\n\n\n\n<h1 class=\"wp-block-heading\">Rehabilitaci\u00f3n oncol\u00f3gica: <\/h1>\n\n\n\n<p>mejora tu calidad de vida.<\/p>\n\n\n\n<p>En Ahava, entendemos que la rehabilitaci\u00f3n oncol\u00f3gica es un aspecto vital en el viaje de recuperaci\u00f3n de los pacientes. Nuestro enfoque integral se centra en mejorar la calidad de vida de quienes enfrentan el c\u00e1ncer y de aquellos que ya lo han superado. Con programas dise\u00f1ados por nuestros grandes profesionales, ofrecemos un camino hacia la recuperaci\u00f3n f\u00edsica y emocional.<\/p>\n\n\n\n<p>La rehabilitaci\u00f3n oncol\u00f3gica puede incluir una variedad de intervenciones, como terapia f\u00edsica para mejorar la movilidad y la fuerza muscular,&nbsp;<a href=\"https:\/\/tunurse.catalog.to\/s\/gallery\/empieza-aqui-a-mejorar-tu-calidad-de-vida\/onco-fit\/rs8\/product\/-OimIl9s46-iB5aJ9eFx\" data-type=\"link\" data-id=\"https:\/\/tunurse.catalog.to\/s\/gallery\/empieza-aqui-a-mejorar-tu-calidad-de-vida\/onco-fit\/rs8\/product\/-OimIl9s46-iB5aJ9eFx\">terapia  Muscular<\/a>&nbsp;para ayudar a los pacientes a recuperar habilidades cotidianas, como la capacidad de cocinar o vestirse, y terapia del habla para abordar problemas de comunicaci\u00f3n y degluci\u00f3n.<\/p>\n\n\n\n<p>Nuestros servicios son totalmente personalizados y hechos a tu medida, cada paciente es \u00fanico y merece un trato adaptado a sus condiciones. La rehabilitaci\u00f3n oncol\u00f3gica no solo trata los s\u00edntomas f\u00edsicos, sino que tambi\u00e9n fortalece la estabilidad mental y emocional.<\/p>\n\n\n\n<p>Nosotros creemos en el poder de la rehabilitaci\u00f3n para restaurar la esperanza y la vitalidad. Nuestro equipo multidisciplinario est\u00e1 comprometido a brindar un apoyo integral que acompa\u00f1e e impulse a los pacientes en la mejora de su calidad de vida. <\/p>\n\n\n\n<hr class=\"wp-block-separator has-css-opacity is-style-default\"\/>\n\n\n\n<div class=\"wp-block-cover alignfull is-light\" style=\"margin-top:0;padding-top:6vw;padding-right:6vw;padding-bottom:6vw;padding-left:6vw\"><img loading=\"lazy\" decoding=\"async\" width=\"1024\" height=\"1024\" class=\"wp-block-cover__image-background wp-image-1432 size-large\" alt=\"\" src=\"https:\/\/fundacionahava.org\/oncolife\/wp-content\/uploads\/2026\/02\/11-2-2-1024x1024.webp\" data-object-fit=\"cover\" srcset=\"https:\/\/fundacionahava.org\/oncolife\/wp-content\/uploads\/2026\/02\/11-2-2-1024x1024.webp 1024w, https:\/\/fundacionahava.org\/oncolife\/wp-content\/uploads\/2026\/02\/11-2-2-300x300.webp 300w, https:\/\/fundacionahava.org\/oncolife\/wp-content\/uploads\/2026\/02\/11-2-2-150x150.webp 150w, https:\/\/fundacionahava.org\/oncolife\/wp-content\/uploads\/2026\/02\/11-2-2-768x768.webp 768w, https:\/\/fundacionahava.org\/oncolife\/wp-content\/uploads\/2026\/02\/11-2-2.webp 1080w\" sizes=\"auto, (max-width: 1024px) 100vw, 1024px\" \/><span aria-hidden=\"true\" class=\"wp-block-cover__background has-background-dim\" style=\"background-color:#eb4c77\"><\/span><div class=\"wp-block-cover__inner-container is-layout-flow wp-block-cover-is-layout-flow\">\n<div class=\"wp-block-group is-content-justification-center is-layout-flex wp-container-core-group-is-layout-82565499 wp-block-group-is-layout-flex\">\n<div class=\"wp-block-group alignwide wp-container-content-ceb7f5b3 is-content-justification-left is-layout-constrained wp-container-core-group-is-layout-852f5fc7 wp-block-group-is-layout-constrained\">\n<h2 class=\"wp-block-heading alignwide has-text-align-left has-contrast-color has-text-color\" style=\"font-size:100px;font-style:normal;font-weight:500;line-height:0.9;text-transform:none\"> transforma tu vida en Ahava<\/h2>\n\n\n\n<div style=\"height:24px\" aria-hidden=\"true\" class=\"wp-block-spacer\"><\/div>\n\n\n\n<p class=\"has-text-align-left has-contrast-color has-text-color\">Descubre c\u00f3mo la rehabilitaci\u00f3n oncol\u00f3gica puede transformar tu vida en Ahava<\/p>\n\n\n\n<div style=\"height:60px\" aria-hidden=\"true\" class=\"wp-block-spacer\"><\/div>\n\n\n\n<div class=\"wp-block-buttons is-content-justification-left is-nowrap is-layout-flex wp-container-core-buttons-is-layout-92e17da2 wp-block-buttons-is-layout-flex\">\n<div class=\"wp-block-button is-style-fill\"><a class=\"wp-block-button__link has-base-color has-contrast-background-color has-text-color has-background has-custom-font-size wp-element-button\" href=\"https:\/\/wa.me\/5492944809091\" style=\"border-radius:0px;padding-top:24px;padding-right:48px;padding-bottom:24px;padding-left:48px;font-size:16px;font-style:normal;font-weight:500;letter-spacing:0px;text-transform:uppercase\">Solicitar Turno<\/a><\/div>\n<\/div>\n<\/div>\n<\/div>\n<\/div><\/div>\n","protected":false},"excerpt":{"rendered":"<p>Rehabilitaci\u00f3n oncol\u00f3gica: mejora tu calidad de vida. En Ahava, entendemos que la rehabilitaci\u00f3n oncol\u00f3gica es un aspecto vital en el viaje de recuperaci\u00f3n de los pacientes. Nuestro enfoque integral se centra en mejorar la calidad de vida de quienes enfrentan el c\u00e1ncer y de aquellos que ya lo han superado. Con programas dise\u00f1ados por nuestros [&hellip;]<\/p>\n","protected":false},"author":2,"featured_media":1411,"parent":0,"menu_order":0,"comment_status":"closed","ping_status":"closed","template":"","meta":{"footnotes":""},"class_list":["post-1426","page","type-page","status-publish","has-post-thumbnail","hentry"],"_links":{"self":[{"href":"https:\/\/fundacionahava.org\/oncolife\/wp-json\/wp\/v2\/pages\/1426","targetHints":{"allow":["GET"]}}],"collection":[{"href":"https:\/\/fundacionahava.org\/oncolife\/wp-json\/wp\/v2\/pages"}],"about":[{"href":"https:\/\/fundacionahava.org\/oncolife\/wp-json\/wp\/v2\/types\/page"}],"author":[{"embeddable":true,"href":"https:\/\/fundacionahava.org\/oncolife\/wp-json\/wp\/v2\/users\/2"}],"replies":[{"embeddable":true,"href":"https:\/\/fundacionahava.org\/oncolife\/wp-json\/wp\/v2\/comments?post=1426"}],"version-history":[{"count":4,"href":"https:\/\/fundacionahava.org\/oncolife\/wp-json\/wp\/v2\/pages\/1426\/revisions"}],"predecessor-version":[{"id":1442,"href":"https:\/\/fundacionahava.org\/oncolife\/wp-json\/wp\/v2\/pages\/1426\/revisions\/1442"}],"wp:featuredmedia":[{"embeddable":true,"href":"https:\/\/fundacionahava.org\/oncolife\/wp-json\/wp\/v2\/media\/1411"}],"wp:attachment":[{"href":"https:\/\/fundacionahava.org\/oncolife\/wp-json\/wp\/v2\/media?parent=1426"}],"curies":[{"name":"wp","href":"https:\/\/api.w.org\/{rel}","templated":true}]}}