{"id":98,"date":"2026-01-28T16:05:34","date_gmt":"2026-01-28T16:05:34","guid":{"rendered":"https:\/\/fundacionahava.org\/fundacion\/sobre\/"},"modified":"2026-02-07T15:29:37","modified_gmt":"2026-02-07T15:29:37","slug":"sobre","status":"publish","type":"page","link":"https:\/\/fundacionahava.org\/fundacion\/sobre\/","title":{"rendered":"Sobre"},"content":{"rendered":"\n\n\n\n\n\n\n\n\n\n","protected":false},"excerpt":{"rendered":"","protected":false},"author":2,"featured_media":0,"parent":0,"menu_order":0,"comment_status":"closed","ping_status":"closed","template":"full-width","meta":{"saved_in_kubio":true,"footnotes":""},"class_list":["post-98","page","type-page","status-publish","hentry"],"kubio_ai_page_context":{"short_desc":"Ciencia y Coraz\u00f3n al Servicio del Paciente\nHumanizando la salud, un hilo a la vez\n la Fundaci\u00f3n Ahava\u2014como la biblioterapia, la juegoterapia y el sem\u00e1foro emocional\u2014\nJuegoterapia, el derecho del Ni\u00f1o a seguir siendo Ni\u00f1os\nNuestras pelucas l\u00fadicas de lana y amigurumis no son solo juguetes; son puentes de comunicaci\u00f3n y apego que creo con la misma dedicaci\u00f3n con la que cuido a mi propia familia. Mi objetivo es que las pelucas no escondan la enfermedad, sino que ayuden a desestigmatizar el proceso, permitiendo que los ni\u00f1os jueguen, se expresen y sue\u00f1en incluso durante el tratamiento.","purpose":"general","isFrontPage":false},"_links":{"self":[{"href":"https:\/\/fundacionahava.org\/fundacion\/wp-json\/wp\/v2\/pages\/98","targetHints":{"allow":["GET"]}}],"collection":[{"href":"https:\/\/fundacionahava.org\/fundacion\/wp-json\/wp\/v2\/pages"}],"about":[{"href":"https:\/\/fundacionahava.org\/fundacion\/wp-json\/wp\/v2\/types\/page"}],"author":[{"embeddable":true,"href":"https:\/\/fundacionahava.org\/fundacion\/wp-json\/wp\/v2\/users\/2"}],"replies":[{"embeddable":true,"href":"https:\/\/fundacionahava.org\/fundacion\/wp-json\/wp\/v2\/comments?post=98"}],"version-history":[{"count":9,"href":"https:\/\/fundacionahava.org\/fundacion\/wp-json\/wp\/v2\/pages\/98\/revisions"}],"predecessor-version":[{"id":342,"href":"https:\/\/fundacionahava.org\/fundacion\/wp-json\/wp\/v2\/pages\/98\/revisions\/342"}],"wp:attachment":[{"href":"https:\/\/fundacionahava.org\/fundacion\/wp-json\/wp\/v2\/media?parent=98"}],"curies":[{"name":"wp","href":"https:\/\/api.w.org\/{rel}","templated":true}]}}