{"id":14,"date":"2025-12-22T12:46:25","date_gmt":"2025-12-22T12:46:25","guid":{"rendered":"https:\/\/fundacionahava.org\/cursos\/about\/"},"modified":"2025-12-25T18:16:01","modified_gmt":"2025-12-25T18:16:01","slug":"about","status":"publish","type":"page","link":"https:\/\/fundacionahava.org\/cursos\/about\/","title":{"rendered":"Quienes Somos"},"content":{"rendered":"<p>\u00abHaz de nuestra lucha la tuya uni\u00e9ndote a nuestra causa\u00bb<\/p>\n<p>Nuestras voluntarias que ya colaboran por una mayor equidad frente al c\u00e1ncer.<\/p>\n<p>Hacer voluntariado es una forma de Dar . Es saber que, gracias a tu solidaridad, la mejora y el cambio son posibles. Es aportar tu granito de arena de la forma que m\u00e1s se adapte a tus circunstancias y tu disponibilidad.<\/p>\n<p>Convi\u00e9rtete en un agente de cambio social, en un Angel de la Guardia.<\/p>\n<p>\u00danete a nuestro equipo y colabora con nuestra causa, existen tres maneras de colaborar<\/p>\n<p>puedes Donar tu tiempo .<\/p>\n<p>Puedes Donar en Especies<\/p>\n<p>Puedes Colaborar<\/p>\n<p>En la Asociaci\u00f3n, centramos nuestra energ\u00eda en prevenir, sensibilizar, acompa\u00f1ar a las personas afectadas .<\/p>\n<p>Hay varias formas de hacer voluntariado en la Asociaci\u00f3n y puedes elegir la que m\u00e1s se adapte a ti. Puedes hacer voluntariado de forma puntual o recurrente o bien de forma presencial y online. Adem\u00e1s, puedes elegir el tipo de intensidad con la que quieres realizarlo y si quieres estar en contacto directo con pacientes de c\u00e1ncer. Las modalidades de voluntariado de la Fundacion son:<\/p>\n<p>Nos ayudar\u00e1s a transmitir informaci\u00f3n \u00fatil y necesaria para concienciar sobre el impacto que genera la enfermedad y tambi\u00e9n, sobre los servicios gratuitos que ofrece la Fundacion.<\/p>\n<p>Digital<\/p>\n<p>Formar\u00e1s parte de una red de personas voluntarias encargadas de difundir mensajes importantes y necesarios sobre todas las dimensiones del c\u00e1ncer a trav\u00e9s de las redes sociales digitales.<\/p>\n<p>Puntos de encuentro<\/p>\n<p>Si te gusta hablar en p\u00fablico te animamos a dinamizar nuestros Puntos de Encuentro contra el c\u00e1ncer, para crea espacios de comunicaci\u00f3n y participaci\u00f3n en la comunidad<\/p>\n","protected":false},"excerpt":{"rendered":"<p>\u00abHaz de nuestra lucha la tuya uni\u00e9ndote a nuestra causa\u00bb Nuestras voluntarias que ya colaboran por una mayor equidad frente al c\u00e1ncer. Hacer voluntariado es una forma de Dar . Es saber que, gracias a tu solidaridad, la mejora y el cambio son posibles. Es aportar tu granito de arena de la forma que m\u00e1s [&hellip;]<\/p>\n","protected":false},"author":1,"featured_media":122,"parent":0,"menu_order":0,"comment_status":"closed","ping_status":"closed","template":"","meta":{"_eb_attr":"","footnotes":""},"class_list":["post-14","page","type-page","status-publish","has-post-thumbnail","hentry"],"_links":{"self":[{"href":"https:\/\/fundacionahava.org\/cursos\/wp-json\/wp\/v2\/pages\/14","targetHints":{"allow":["GET"]}}],"collection":[{"href":"https:\/\/fundacionahava.org\/cursos\/wp-json\/wp\/v2\/pages"}],"about":[{"href":"https:\/\/fundacionahava.org\/cursos\/wp-json\/wp\/v2\/types\/page"}],"author":[{"embeddable":true,"href":"https:\/\/fundacionahava.org\/cursos\/wp-json\/wp\/v2\/users\/1"}],"replies":[{"embeddable":true,"href":"https:\/\/fundacionahava.org\/cursos\/wp-json\/wp\/v2\/comments?post=14"}],"version-history":[{"count":2,"href":"https:\/\/fundacionahava.org\/cursos\/wp-json\/wp\/v2\/pages\/14\/revisions"}],"predecessor-version":[{"id":123,"href":"https:\/\/fundacionahava.org\/cursos\/wp-json\/wp\/v2\/pages\/14\/revisions\/123"}],"wp:featuredmedia":[{"embeddable":true,"href":"https:\/\/fundacionahava.org\/cursos\/wp-json\/wp\/v2\/media\/122"}],"wp:attachment":[{"href":"https:\/\/fundacionahava.org\/cursos\/wp-json\/wp\/v2\/media?parent=14"}],"curies":[{"name":"wp","href":"https:\/\/api.w.org\/{rel}","templated":true}]}}